0010110001000111001 (base 2) to base 8
4261071
Convert -7662bb (base 12) to base 14.
-36c0a3
Convert 1be4b9 (base 16) to base 15.
261985
-2002120201011 (base 3) to base 16
-10fe64
What is -2534335 (base 6) in base 13?
-4a513
Convert -4b464 (base 12) to base 9.
-165664
Convert -10002220102222 (base 3) to base 16.
-193334
-a7c81 (base 15) to base 4
-2002003120
What is 1682991 (base 10) in base 6?
100023343
Convert 101100302012 (base 4) to base 3.
22111220101122
Convert -111302403 (base 5) to base 3.
-221002210010
Convert -143252 (base 8) to base 13.
-1a1c2
-1317876 (base 10) to base 4
-11001233310
What is 50097 (base 11) in base 15?
16ac6
What is -13240100 (base 6) in base 2?
-1101011100101100100
What is 2bdd4 (base 14) in base 16?
1acb6
What is 23052635 (base 7) in base 5?
1003404134
Convert -1163444 (base 8) to base 5.
-40240231
437347 (base 11) to base 14
142470
Convert -1302224110 (base 5) to base 15.
-427870
What is -304665 (base 7) in base 6?
-1041210
14285 (base 12) to base 3
1102110102
What is -d09ac (base 14) in base 10?
-501324
-110010101110001 (base 2) to base 4
-12111301
-32430243 (base 6) to base 16
-ec613
-141500141 (base 6) to base 10
-2884957
Convert 24345231 (base 6) to base 16.
bd7f3
What is -23101450 (base 6) in base 11?
-443a32
What is 36783 (base 13) in base 3?
12002101110
What is -712807 (base 9) in base 15?
-85097
Convert -1322132123 (base 4) to base 3.
-221111010222
Convert -5807b (base 15) to base 16.
-446b1
-612880 (base 9) to base 8
-1305031
116c4c (base 15) to base 4
3023113332
Convert -1341511 (base 6) to base 13.
-28522
Convert 59442 (base 14) to base 13.
7808b
Convert -2d77ff (base 16) to base 13.
-804425
-17627aa (base 11) to base 8
-13320471
Convert 3233003232 (base 4) to base 3.
1211202012000
Convert -6e122 (base 15) to base 13.
-c3b5a
What is 1122400 (base 6) in base 13?
202aa
Convert -1302132 (base 5) to base 2.
-110001011001100
What is 574a60 (base 11) in base 5?
213224332
Convert 100011000000001000 (base 2) to base 13.
50344
What is -b96b (base 15) in base 7?
-222302
3576275 (base 10) to base 16
3691d3
Convert 1882485 (base 12) to base 11.
29a5843
What is -175067 (base 9) in base 14?
-2b870
Convert 22261376 (base 9) to base 11.
60a874a
3a63a29 (base 11) to base 16
6b1721
What is -999226 (base 12) in base 5?
-1111120412
Convert 1000010110000101111000 (base 2) to base 5.
1030001030
What is 52504030 (base 6) in base 16?
176352
-a5038c (base 13) to base 11
-21a4380
-332331311 (base 4) to base 14
-69dc1
9231 (base 13) to base 2
100111010110111
-12716 (base 9) to base 16
-2199
-35847 (base 9) to base 5
-1232034
3897645 (base 10) to base 8
16674455
What is 3151362 (base 7) in base 16?
5d555
2000413 (base 6) to base 7
536331
What is 23220233012 (base 4) in base 15?
403c78
-2bd8c (base 15) to base 16
-22878
54942 (base 12) to base 11
77112
What is 1352743 (base 12) in base 14?
71d93d
100121200210 (base 4) to base 2
10000011001100000100100
Convert 13141132 (base 5) to base 12.
63834
-440550 (base 7) to base 3
-10220210000
Convert 186766 (base 12) to base 8.
1500276
Convert -136442 (base 9) to base 15.
-19ae8
1ddd0 (base 14) to base 10
76818
-10201121020110 (base 3) to base 15
-291a93
What is -1001111010001101010110 (base 2) in base 7?
-31036344
Convert 32241 (base 15) to base 8.
466640
-c2b79 (base 16) to base 6
-25032225
-113374 (base 9) to base 2
-10000101000001011
-10221343 (base 5) to base 12
-41820
-ee9c (base 16) to base 7
-343042
Convert 433c1 (base 16) to base 15.
568e8
What is -30112033300 (base 4) in base 10?
-3236848
1c7a2c1 (base 13) to base 16
9107cd
What is -238814 (base 9) in base 14?
-3a814
What is 25b71 (base 12) in base 8?
145105
-2a8506 (base 11) to base 10
-479771
What is -31487b (base 12) in base 4?
-2331103133
What is 66a47 (base 14) in base 3?
110122112121
-1045431 (base 6) to base 7
-310522
What is -101101001011101100110001 (base 2) in base 9?
-24252415
-a00a41 (base 13) to base 7
-43400644
Convert 83c69 (base 15) to base 5.
101333144
Convert -1506654 (base 13) to base 16.
-663243
31124242 (base 5) to base 15
50817
What is -22232153 (base 7) in base 6?
-105123142
Convert 4265738 (base 10) to base 13.
b64809
Convert -1305146 (base 9) to base 5.
-140243411
5313060 (base 7) to base 5
131022023
What is 61153 (base 13) in base 5?
21030200
What is -5a767 (base 15) in base 11?
-187876
What is -2677677 (base 8) in base 12?
-30413b
Convert 14a432 (base 11) to base 14.
61108
Convert 1562424 (base 7) to base 3.
102000122200
What is -46281 (base 14) in base 6?
-3353545
Convert -21460644 (base 7) to base 4.
-13002312213
203321012102 (base 4) to base 13
1c45808
-1b9519 (base 12) to base 14
-cba61
What is 23312624 (base 7) in base 5?
1011210403
What is 2a9043 (base 12) in base 8?
2577363
21150135 (base 7) to base 14
34991c
What is -2110022200 (base 3) in base 11?
-33363
What is -6620642 (base 8) in base 12?
-718b96
Convert -110110100010111011111 (base 2) to base 11.
-1010962
-9e227 (base 16) to base 4
-2132020213
What is 3105035 (base 6) in base 2?
100100010101101111
Convert -2c3a35b (base 13) to base 12.
-491778a
732822 (base 9) to base 13
1230b3
124919 (base 11) to base 13
6b73b
-664734 (base 8) to base 9
-370774
Convert 691d3a (base 14) to base 16.
3698b0
-21c1c5 (base 15) to base 11
-9aa916
What is 2034245 (base 9) in base 3?
2001011021112
What is -12a3d (base 15) in base 16?
-e923
10100202100101 (base 3) to base 4
12310012333
242851 (base 9) to base 16
23c3e
Convert 3431434220 (base 5) to base 14.
104145c
What is -11423267 (base 9) in base 2?
-10101001110111010111010
What is -4ba25d (base 15) in base 5?
-1412104123
16371748 (base 9) to base 13
190c72a
Convert a9760 (base 11) to base 10.
159302
-11142 (base 8) to base 5
-122311
-6992c (base 16) to base 11
-275987
Convert b3093 (base 12) to base 6.
5000303
-2002321203 (base 4) to base 8
-2027143
What is 43113442 (base 6) in base 15?
1a12a2
What is 4444663 (base 7) in base 2?
10000110000100010011
What is 10bb26 (base 13) in base 16?
61027
-4289a1 (base 14) to base 2
-1000100101110011010001
What is 42715 (base 10) in base 3?
2011121001
39617 (base 11) to base 3
2212201000
Convert -11103444 (base 5) to base 2.
-10111110001011110
-10210102201212 (base 3) to base 2
-111101100001111011101
-1130623 (base 7) to base 13
-4c80a
Convert -10000000110101100011110 (base 2) to base 10.
-4221726
2da5cb (base 16) to base 6
144041455
5d7617 (base 15) to base 13
c0b1b2
-230414 (base 12) to base 8
-2106520
-13602043 (base 8) to base 4
-23300100203
Convert 3223333301 (base 4) to base 5.
221413031
Convert 3a5a2 (base 16) to base 3.
110010212020
Convert 51255430 (base 7) to base 3.
22001121001111
What is -3856a1 (base 11) in base 10?
-607773
13403330 (base 6) to base 5
103424112
Convert 13010245 (base 7) to base 16.
11fd8e
Convert -133103302 (base 4) to base 7.
-1042612
Convert -10121003200 (base 4) to base 14.
-21d768
What is 111210002 (base 3) in base 2?
10011100111110
What is 204541 (base 7) in base 3?
1210100221
1a642 (base 11) to base 9
43354
Convert -51609b (base 15) to base 10.
-3867896
-3310322 (base 4) to base 9
-23445
Convert 3550307 (base 9) to base 3.
10121200100021
-6384861 (base 11) to base 14
-16c6a7c
Convert -2210102022001 (base 3) to base 8.
-5523255
What is 40d9c (base 14) in base 11?
a7517
Convert 2ba52c5 (base 13) to base 5.
12043104220
What is 112620 (base 8) in base 13?
14573
-b1949 (base 16) to base 14
-14d10d
What is 21c13 (base 13) in base 4?
32332303
Convert -121022012 (base 3) to base 9.
-17265
2cd7bd (base 14) to base 2
110000000001111011011
7003211 (base 8) to base 7
21416520
What is 169005 (base 10) in base 4?
221100231
Convert -100000100011100011001 (base 2) to base 3.
-2000012100021
Convert -2b7760 (base 14) to base 6.
-52315520
1b842 (base 14) to base 2
10001001001010010
2111020120121 (base 3) to base 7
14151523
What is 289d5 (base 16) in base 3?
22110012101
Convert -16347404 (base 8) to base 9.
-7113817
Convert 907757 (base 10) to base 6.
31242325
What is -12347a0 (base 11) in base 9?
-4026744
Convert -11101011100010010010011 (base 2) to base 8.
-35342223
What is -210744 (base 15) in base 6?
-53401114
-284542 (base 9) to base 13
-61235
-3100214420 (base 5) to base 8
-27675515
Convert -111021110120002 (base 3) to base 5.
-3301240134
Convert 